4*s - 136 = 0. Let d = h - -201. What is the highest common divisor of 50 and d?
25
Suppose -55 = 28*h - 29*h. Let m(w) = 74*w + 74*w - w**2 - 143*w + 10 + 12. Let v be m(0). Calculate the highest common factor of h and v.
11
Let f(o) = -o**3 + 6*o**2 - o. Let q be f(6). Let h be -1*(1 + 8/q)*-9. Let z be h/6*(2 - 18). Calculate the highest common divisor of z and 4.
4
Let d(p) = p**2 - 36*p + 82. Suppose 0 = 6*m - 117 - 87. Let i be d(m). What is the highest common factor of 21 and i?
7
Let p = -107 - -117. Suppose -25*d + p*d = -915. What is the highest common divisor of 427 and d?
61
Let j(b) = -65*b - 587. Let f be j(-11). Calculate the highest common divisor of 1584 and f.
16
Let v(u) = -u + 18. Let d be v(0). Let y(i) = -i**3 - 23*i**2 - 26*i + 38. Let m = -33 + 11. Let t be y(m). Calculate the greatest common factor of t and d.
18
Let y = -45 + 95. Let l be (-6)/21 + (-1082)/(-14). Suppose -95 = -3*n - 4*b, -3*n - 27 + l = -5*b. Calculate the greatest common divisor of y and n.
25
Let b = 9153 - 9091. What is the greatest common factor of 4650 and b?
62
Let y = 40 + -13. Let s be (4/(-6))/((-23)/7107). Let u = s - 197. Calculate the highest common divisor of u and y.
9
Let v be (-3 - -1)/(6 - 4). Let q be v + -3 + (0 - -22). What is the greatest common divisor of q and 63?
9
Suppose -2*h - 751 + 1051 = 2*x, -474 = -3*x + h. What is the highest common divisor of x and 1040?
52
Suppose 115 - 121 = -2*u, 2*u + 99006 = 3*v. What is the highest common divisor of 148 and v?
148
Suppose 13*s - 9129 = -3*s + 15159. Calculate the greatest common factor of 396 and s.
66
Let w(b) = 6 - 4 + b + 1 - 4*b**2 + 13*b**2. Let p be w(2). What is the greatest common factor of p and 533?
41
Let w = 19 + -7. Let r = 262 + -273. Let t(n) = n**2 + 9*n - 10. Let s be t(r). What is the greatest common divisor of s and w?
12
Let o(v) = -295*v. Let b be o(-2). Let d = b - 375. Suppose 0 = -a - 3*g + 34, 4*a - 187 = 2*g + 3*g. What is the greatest common factor of a and d?
43
Suppose -48*d - 19*d + 4437 = -21693. What is the greatest common divisor of 870 and d?
30
Let u be (-1)/(-4) + (1 - (-1708)/16). Let i be (3 + u/20)/((-3)/15). Let o be (-16620)/i - (-8)/28. Calculate the greatest common factor of 36 and o.
36
Suppose 3*g = 4*g - 35. Let z be (-14 - 30/(-5)) + -9 + (-288)/(-9). What is the highest common factor of g and z?
5
Let i be 12/8 - 74/(-4). Let w = 3624 + -3619. What is the greatest common divisor of w and i?
5
Suppose -2*g + 4*g + 384 = 3*l, 4*g + 766 = 5*l. Let t be (42/9 - -2)*g/(-35). Let a = 5 + -1. Calculate the highest common factor of t and a.
4
Suppose 11*l = 30805 - 6132. Suppose -l = 5*o - 513. Let h = -67 - o. Calculate the highest common factor of 31 and h.
31
Let k be ((-69)/(-3) - 17)*(-231)/(-2). Let i(w) = w**3 + 2*w**2 - 3*w + 297. Let b be i(0). What is the highest common factor of k and b?
99
Let r = -14 - -8. Let w(v) = v**3 + 5*v**2 - 7*v + 18. Let g be w(r). Calculate the highest common factor of 132 and g.
12
Suppose 4*x = 31 + 21. Suppose -h = -j - 2*j - x, -h + j = -7. Let d = 82 - 46. Calculate the greatest common factor of h and d.
4
Let i be (28/(-8))/(-7)*16. Calculate the greatest common divisor of 2792 and i.
8
Suppose -477*w - 8429 + 24309 + 17033 = 0. What is the highest common factor of w and 24?
3
Suppose 11*x = 3*x - 24. Let z(y) = 17*y**2 - 7*y - 14. Let t be z(x). Calculate the greatest common factor of 10 and t.
10
Let i(d) = -2*d**2 - 51*d - 50. Let m be i(-23). Let n = -57 + m. What is the greatest common divisor of 104 and n?
8
Suppose 26*l + 27 - 105 = 0. What is the highest common factor of 43 and l?
1
Let f be ((-18)/(-7))/(-26 - 1835/(-70)). Suppose -5*q + 83 - 3 = 0. Let g = 52 - q. Calculate the greatest common divisor of f and g.
12
Let s(f) = -2*f**3 + 15*f**2 + 8*f - 102. Let k be s(7). What is the greatest common divisor of 2994 and k?
3
Let h be (-1815254)/(-56) + 22/8. Calculate the highest common divisor of h and 18.
18
Let w(g) = 145*g**2 + 9*g + 2. Let j be w(-2). What is the greatest common factor of 1316 and j?
188
Suppose 0 = 2*z + m + 43 + 55, 3*m = 4*z + 186. Let t be (-2)/z*489 + 18/(-48). What is the greatest common factor of t and 90?
10
Suppose -2*g = r - 778, 2*g + 5*r = -35 + 805. Let b = -359 + g. Calculate the highest common divisor of 713 and b.
31
Let t be (12885 - 23) + (-4)/(-1) + 8/(-8). What is the greatest common divisor of 465 and t?
155
Let b be 1/5 - 162/(-15). Let z(i) = -27*i - 1339. Let w be z(-50). Calculate the highest common divisor of b and w.
11
Let m(o) = o**2 + 49*o + 540. Let v be m(-15). What is the greatest common divisor of v and 11595?
15
Suppose -27*o = -32 - 130. Suppose o*l - 5*f = l + 340, -2*f + 254 = 4*l. Calculate the highest common divisor of 299 and l.
13
Let n(m) be the third derivative of 19*m**5/60 - m**4/3 + 2*m**3 - 189*m**2. Let b be n(2). What is the greatest common divisor of 54 and b?
18
Let n(r) = -12*r**3 - 2*r**2 + 37*r - 8. Let t be n(-6). Calculate the greatest common divisor of t and 10.
10
Suppose 5*p = 2*y + 34, -2*y - 4 + 2 = -p. Let t(l) = 8*l - 59. Let j be t(p). What is the highest common divisor of 45 and j?
5
Suppose -5*m = 5*d - 115, -2*d - 2*d - 5*m + 97 = 0. Let b = 177 - 90. Suppose 91*i - 8 = b*i. Calculate the greatest common factor of d and i.
2
Let s(c) be the second derivative of -15/2*c**2 + 5/6*c**4 + 1/20*c**5 - 27*c + 2/3*c**3 + 0. Let i be s(-5). Calculate the greatest common divisor of i and 10.
10
Let j be (0 + ((-11)/(-4) - 1))*528/44. Calculate the greatest common factor of j and 5887.
7
Let c(s) = 8*s + 44. Let k = -110 + 106. Let f be c(k). What is the highest common factor of 32 and f?
4
Suppose 3*j = -5*q + 2*q + 6, 2*j = 4*q + 16. Let h(l) = 3*l**3 - 2*l**2 + 5. Let v be h(j). Calculate the greatest common factor of 11 and v.
11
Suppose -4*d - y = -37, -2*d + 17 = 13*y - 12*y. Suppose -2*m + 2*p + 12 = 0, -2*p - d - 7 = -3*m. What is the greatest common factor of 115 and m?
5
Suppose -6*o + 9 - 51 = 0. Let l be 45/(-3) + 4 + o. Let a be l/(-2) - (-6 - -9). What is the highest common factor of a and 3?
3
Let r = -47 - -52. Suppose 43 = r*g + 28. Let a(m) = m**2 - 6*m + 5. Let z be a(8). What is the greatest common factor of g and z?
3
Suppose 18 = r - 2*d, r = 5*d + 24 - 0. Let l be (-1)/r*6 + (-3647)/(-49). Calculate the greatest common divisor of l and 4.
2
Let d be (1/(-3))/(2 - (-25)/(-12)). Suppose 3*u - n = 26, -4*u + d*n + 34 = u. Let s be (u/6)/(-2 - (-26)/12). What is the highest common divisor of s and 30?
10
Suppose 4*r - 32 = -o - o, 16 = o - r. Suppose 2*t = -18 + 6. Let i be (-4 - 0)*(-6 - -7)*t. What is the greatest common factor of i and o?
8
Let w = 12174 + -12150. What is the highest common divisor of w and 402?
6
Let x be ((-110)/7)/(7/(-49)). Let l be (1 - 1 - -2) + x. Suppose 0 = -t - 3*u + 17, 5*t + 0*u = -4*u + 74. Calculate the highest common factor of l and t.
14
Let k(w) = 309*w**2 - 178*w + 1114. Let i be k(6). Calculate the highest common divisor of 10 and i.
10
Let m be 25/(-1) - (-1 + -6). Suppose -h = 4*l - 16, h + 7 = -3*l + 26. Let q = m + h. What is the greatest common divisor of q and 80?
10
Let t(x) = x**2 + 6*x + 44. Let f be t(-11). Suppose -10*a = a - f. Calculate the highest common divisor of a and 117.
9
Let d = 0 + 4. Let j be (d/6)/((-6)/(-117)). Let x(p) = -17*p + 183. Let a be x(10). What is the highest common divisor of a and j?
13
Let q be 240 + (33/(-11) - -8) + -7 + 2. What is the highest common divisor of 1845 and q?
15
Suppose 274*o - 2871232 = 158*o. What is the greatest common factor of 28 and o?
28
Let f be ((-9)/27 - 0)/((-1)/414). Let w = f - -135. Calculate the greatest common divisor of w and 42.
21
Suppose 6 = -16*d + 22*d. Let u be ((-783)/(-87))/(d*(-1)/(-30)). Suppose 0 = 5*w - 138 - 12. What is the greatest common factor of w and u?
30
Let b = -542 + 538. Let o be 1554/b*(310/30 - 11). What is the highest common divisor of 7 and o?
7
Let a = 51 + 49. Let y(j) = 2*j**2 + 29*j - 7892. Let m be y(56). What is the highest common factor of a and m?
4
Let f(n) = n**2 + 2*n + 64. Let l be f(0). Let q = -46 + l. Suppose -965 = -10*o - 65. Calculate the highest common factor of o and q.
18
Suppose -212 = -6*r + 88. Let u = -78 - 321. Let b = -99